{"id":1490,"date":"2016-09-06T00:00:15","date_gmt":"2016-09-06T03:00:15","guid":{"rendered":"http:\/\/www.filacp.org\/?page_id=1490"},"modified":"2026-03-07T15:30:06","modified_gmt":"2026-03-07T18:30:06","slug":"miembros-argentina","status":"publish","type":"page","link":"https:\/\/www.filacp.org\/web26\/miembros-argentina\/","title":{"rendered":"Miembros Argentina"},"content":{"rendered":"\t\t<div data-elementor-type=\"wp-page\" data-elementor-id=\"1490\" class=\"elementor elementor-1490\">\n\t\t\t\t\t\t<section class=\"elementor-section elementor-top-section elementor-element elementor-element-ebc8691 elementor-section-full_width elementor-section-height-min-height elementor-section-items-stretch elementor-section-height-default\" data-id=\"ebc8691\" data-element_type=\"section\" data-settings=\"{&quot;background_background&quot;:&quot;classic&quot;}\">\n\t\t\t\t\t\t<div class=\"elementor-container elementor-column-gap-default\">\n\t\t\t\t\t<div class=\"elementor-column elementor-col-100 elementor-top-column elementor-element elementor-element-76680aa\" data-id=\"76680aa\" data-element_type=\"column\">\n\t\t\t<div class=\"elementor-widget-wrap elementor-element-populated\">\n\t\t\t\t\t\t<div class=\"elementor-element elementor-element-97b0d81 elementor-position-left elementor-position-left elementor-vertical-align-top elementor-widget elementor-widget-image-box\" data-id=\"97b0d81\" data-element_type=\"widget\" data-widget_type=\"image-box.default\">\n\t\t\t\t<div class=\"elementor-widget-container\">\n\t\t\t\t\t<div class=\"elementor-image-box-wrapper\"><figure class=\"elementor-image-box-img\"><img decoding=\"async\" width=\"70\" height=\"47\" src=\"https:\/\/www.filacp.org\/web26\/wp-content\/uploads\/Argentina.png\" class=\"attachment-full size-full wp-image-334\" alt=\"\" \/><\/figure><div class=\"elementor-image-box-content\"><h3 class=\"elementor-image-box-title\">ARGENTINA<\/h3><p class=\"elementor-image-box-description\">Sociedad Argentina de Cirug\u00eda Pl\u00e1stica, Est\u00e9tica y Reparadora.<\/p><\/div><\/div>\t\t\t\t<\/div>\n\t\t\t\t<\/div>\n\t\t\t\t<div class=\"elementor-element elementor-element-62dc02b elementor-icon-list--layout-inline elementor-align-right elementor-mobile-align-center elementor-list-item-link-full_width elementor-widget elementor-widget-icon-list\" data-id=\"62dc02b\" data-element_type=\"widget\" data-widget_type=\"icon-list.default\">\n\t\t\t\t<div class=\"elementor-widget-container\">\n\t\t\t\t\t\t\t<ul class=\"elementor-icon-list-items elementor-inline-items\">\n\t\t\t\t\t\t\t<li class=\"elementor-icon-list-item elementor-inline-item\">\n\t\t\t\t\t\t\t\t\t\t\t<a href=\"https:\/\/www.sacper.org.ar\/\" target=\"_blank\" rel=\"nofollow\">\n\n\t\t\t\t\t\t\t\t\t\t\t\t<span class=\"elementor-icon-list-icon\">\n\t\t\t\t\t\t\t<i aria-hidden=\"true\" class=\"fas fa-globe\"><\/i>\t\t\t\t\t\t<\/span>\n\t\t\t\t\t\t\t\t\t\t<span class=\"elementor-icon-list-text\">Sitio Web<\/span>\n\t\t\t\t\t\t\t\t\t\t\t<\/a>\n\t\t\t\t\t\t\t\t\t<\/li>\n\t\t\t\t\t\t\t\t<li class=\"elementor-icon-list-item elementor-inline-item\">\n\t\t\t\t\t\t\t\t\t\t\t<a href=\"mailto:sacper@sacper.org.ar\">\n\n\t\t\t\t\t\t\t\t\t\t\t\t<span class=\"elementor-icon-list-icon\">\n\t\t\t\t\t\t\t<i aria-hidden=\"true\" class=\"fas fa-envelope\"><\/i>\t\t\t\t\t\t<\/span>\n\t\t\t\t\t\t\t\t\t\t<span class=\"elementor-icon-list-text\">Email<\/span>\n\t\t\t\t\t\t\t\t\t\t\t<\/a>\n\t\t\t\t\t\t\t\t\t<\/li>\n\t\t\t\t\t\t\t\t<li class=\"elementor-icon-list-item elementor-inline-item\">\n\t\t\t\t\t\t\t\t\t\t\t<a href=\"https:\/\/www.filacp.org\/web26\/sociedades-miembros\/\">\n\n\t\t\t\t\t\t\t\t\t\t\t\t<span class=\"elementor-icon-list-icon\">\n\t\t\t\t\t\t\t<i aria-hidden=\"true\" class=\"fas fa-reply-all\"><\/i>\t\t\t\t\t\t<\/span>\n\t\t\t\t\t\t\t\t\t\t<span class=\"elementor-icon-list-text\">Regresar<\/span>\n\t\t\t\t\t\t\t\t\t\t\t<\/a>\n\t\t\t\t\t\t\t\t\t<\/li>\n\t\t\t\t\t\t<\/ul>\n\t\t\t\t\t\t<\/div>\n\t\t\t\t<\/div>\n\t\t\t\t\t<\/div>\n\t\t<\/div>\n\t\t\t\t\t<\/div>\n\t\t<\/section>\n\t\t\t\t<section class=\"elementor-section elementor-top-section elementor-element elementor-element-0414713 elementor-section-full_width elementor-section-height-default elementor-section-height-default\" data-id=\"0414713\" data-element_type=\"section\">\n\t\t\t\t\t\t<div class=\"elementor-container elementor-column-gap-default\">\n\t\t\t\t\t<div class=\"elementor-column elementor-col-100 elementor-top-column elementor-element elementor-element-b48bb18\" data-id=\"b48bb18\" data-element_type=\"column\">\n\t\t\t<div class=\"elementor-widget-wrap elementor-element-populated\">\n\t\t\t\t\t\t<div class=\"elementor-element elementor-element-0e63f3b elementor-widget elementor-widget-text-editor\" data-id=\"0e63f3b\" data-element_type=\"widget\" data-widget_type=\"text-editor.default\">\n\t\t\t\t<div class=\"elementor-widget-container\">\n\t\t\t\t\t\t\t\t\t<p>ABDALA MONTOTO OSCAR LUIS<br \/>ABELLA FERNANDO<br \/>ABRIATA GUILLERMO CESAR<br \/>ABSI DANIEL EDUARDO<br \/>ABULAFIA ALBERTO JAVIER<br \/>ACERBI MARIA EUGENIA<br \/>ACEVEDO RODRIGO MARTIN<br \/>ACHA MARIELA<br \/>ADAMO NICOLINI OSCAR DANIEL<br \/>AGUIRRE GONZALO GUILLERMO<br \/>AHUALLI PATRICIA ELENA<br \/>ALBERTAL JORGE<br \/>ALBERTENGO ANDRES<br \/>ALDAZ LUIS RUBEN<br \/>ALDAZ FEDERICO<br \/>ALI AGUSTIN<br \/>ALMAR\u00c1 JOSE HERNAN<br \/>ALVARENGA JOSE RAUL<br \/>ALVAREZ MARTIN<br \/>ALVAREZ FEDERICO<br \/>ALVAREZ ALDO DANIEL<br \/>AMALLO SERGIO<br \/>AMBROSI ANDRES DANIEL<br \/>AMSTUTZ JORGE JAVIER<br \/>ANDRIANI DELGADO GUSTAVO IVAN<br \/>ANGELA GUSTAVO MIGUEL<br \/>ANGHEBEN EDUARDO<br \/>ANGRIGIANI CLAUDIO<br \/>ANTONETTI LUIS HORACIO<br \/>APA, SEBASTI\u00c1N NICOL\u00c1S<br \/>APARICIO ANGEL ARIEL<br \/>APPIANI ANGEL GUSTAVO<br \/>ARASHIRO HERNAN CLAUDIO<br \/>ARCE CARLOS FERNANDO<br \/>ARCE FERNANDO LUIS<br \/>ARES DE PARGA ELINA MARCELA<br \/>AREVALO ALVARADO ANTONIO SALVADOR<br \/>ARIAS MARIA ALEJANDRA<br \/>ARIAS MARCELO JAVIER<br \/>ARIG\u00d3S ENRIQUE<br \/>ARMENDARIZ ROBERTO<br \/>ARMESTO VICTOR<br \/>AROLFO AN\u00cdBAL ALFREDO<br \/>ARRASCAITE SERGIO<br \/>ARREDES NESTOR HUGO<br \/>ASIU SCHECHTEL SOFIA<br \/>AUBONE EDUARDO<br \/>AUCHTER FEDERICO GUILLERMO<br \/>AUFGANG RUBEN RAFAEL<br \/>BABAITIS RICARDO<br \/>BAINI JOSE LUIS<br \/>BAIONI NATALIO<br \/>BALCEDO GONZALO<br \/>BALESTRERI JORGE MARIANO<br \/>BALLARIO FEDERICO<br \/>BANDEO JOSE OMAR<br \/>BANEGAS RAUL ALBERTO<br \/>BARRANCO CARLOS FEDERICO<br \/>BASTIDAS MONICA CECILIA<br \/>BATALLA JULIO<br \/>BAVIO GERARDO HECTOR<br \/>BECCARIA ADRIAN<br \/>BEGA GABRIEL PABLO<br \/>BELMONT JOSE ANTONIO<br \/>BELTRAMI ALEJANDRO<br \/>BENAIM FORTUNATO<br \/>BENECH RODOLFO<br \/>BENITEZ HUGO FELIX<br \/>BENITEZ MARIA LAURA<br \/>BERGEON ACHINO CHRISTIAN HERNAN<br \/>BERGESI GUSTAVO<br \/>BERNSTEIN MARCELO<br \/>BERTINI CARLOS A.<br \/>BIGNOTTI JOSE AGUST\u00cdN<br \/>BISQUERT EDGARDO<br \/>BISTOLETTI PEDRO HORACIO<br \/>BLANCO ESTEBAN<br \/>BLANCO IRIS HEBE ALEJANDRA<br \/>BOERO MAXIMILIANO<br \/>BOLZAN JORGE ALBERTO<br \/>BORNAZ MARIA FERNANDA<br \/>BOSSI CONSTANZA<br \/>BOU MARCELO<br \/>Bouzo Gabriel Ricardo<br \/>BRADICHANSKY ARMANDO MANUEL<br \/>BRAMATI DE ELIZALDE MARIA LAURA<br \/>BRARDA MARINA<br \/>BRAVO WALTER<br \/>BRITOS ROMEO WALTER LUIS<br \/>BRUNI VANESA<br \/>BRUTTI ANA CLARA<br \/>BUJANDA DIEGO ADRIAN<br \/>BUKRET WILLIAMS ERIK<br \/>BUQUET PATRICIO<br \/>BUQUET JORGE ALBERTO<br \/>BUSTOS ENZO PABLO<br \/>BUTTO CARLOS DANTE<br \/>CAGGIOLI MATIAS<br \/>CAL IGNACIO<br \/>CALANDRA PABLO MARTIN<br \/>CALARAMO FLORENCIA GABRIELA<br \/>CALVO DE ALBA JUAN CARLOS<br \/>CANESTRI JORGE<br \/>CANGINI CLAUDIO OMAR<br \/>CANO ALEJANDRA FLAVIA<br \/>CAPDEVILA JULIO<br \/>CAPIZZANO LAURA MABEL<br \/>CAPOCCETTI PIERINI MARIA JIMENA<br \/>CARAVATTI CARLOS<br \/>CARBIA NESTOR NORBERTO<br \/>CARDA NADIR ALEJANDRO<br \/>CARDOSO MARTIN<br \/>CARDOZO NOEMI ESTHER<br \/>CARFAGNA GASTON<br \/>CASTRILLON DANIEL EDUARDO<br \/>CASTRO GASTON<br \/>CATALDI EDMUNDO<br \/>CATTAINO AMELIA MARGARITA<br \/>CECATTO ESTEBAN<br \/>CERQUATTI MARTIN<br \/>CHAJCHIR ABEL<br \/>CHAJCHIR GUSTAVO ANDRES<br \/>CHAPARRO PABLO<br \/>CHIAPPERO CECILIA MERCEDES<br \/>CHOUHY EUGENIO<br \/>CHUS FERNANDO EMILIO<br \/>CIANFLONE JULIO LUIS<br \/>CICARELLI HERNAN<br \/>CIMA RAMIRO SEBASTIAN<br \/>COBOS MALDONADO MARTIN<br \/>CODEGA CRISTHIAN<br \/>COLOMBO MARTIN<br \/>CORBELLA MARIA FLORENCIA<br \/>CORBELLA MIGUEL ANGEL<br \/>CORDARY GLORIA VILMA<br \/>CORIA LOOS EMILIANO JULIAN<br \/>CORPACCI CARLOS HUGO<br \/>CORRALES LUIS<br \/>CORREA PRUYAS HUGO<br \/>CORTI\u00d1AS FABIAN EDUARDO<br \/>COSENTINO SEBASTIAN<br \/>COTTER NICOLAS EZEQUIEL<br \/>COTTO PERRONI NATALIA<br \/>CRAVINO ALICIA TERESITA<br \/>CRESPO MATIAS<br \/>CRISTALDO ELISABET EVA<br \/>CROCCO FERNANDO<br \/>CUADRADO MARCELO<br \/>CUCCHIANI ACEVEDO RODOLFO HERNAN<br \/>CUCULO JUAN JOSE<br \/>C\u00daFARO ADRI\u00c1N<br \/>DA COSTA FIRMINO MARIA LAURA<br \/>DAHAN LEON<br \/>DALLA LASTA JUAN CARLOS<br \/>DALPINO ORLANDO DANIEL<br \/>DANIELE VACCHELLI MARIA FERNANDA<br \/>DAUD OSVALDO<br \/>DAVALOS NUNES GABRIEL ISIDRO<br \/>DE LA TORRE KARINA<br \/>DE MAUSSION ALFREDO ALBERTO<br \/>DE PHILIPPIS CAROLINA<br \/>DE ROSA MYRIAN<br \/>DEL CA\u00d1O VICTOR HUGO<br \/>DEL CARLO MARIANO<br \/>DEL PAPA MATIAS FEDERICO<br \/>DEL PIN IGNACIO<br \/>DEL ROSSO SILVINA<br \/>DELGADO PABLO MARTIN<br \/>DENES RICARDO ENRIQUE<br \/>DEPASQUALE CARINA<br \/>DEPETRIS VERONICA<br \/>DEREWICKI PEDRO<br \/>DESCALZO MIGUEL ANGEL<br \/>DESCHAMPS FEDERICO ALBERTO<br \/>DEVEAUX GUSTAVO DANIEL<br \/>DI BIASIO GUILLERMO<br \/>DI BITONTO JUAN MARTIN<br \/>DI DIEGO JUAN MANUEL<br \/>DI MAGGIO MARCELO<br \/>DIAZ SAN ROM\u00c1N ISABEL DEL VALLE<br \/>DIEGUEZ FEDERICO<br \/>DIEGUEZ SALAZAR Julio J.<br \/>DIMIDJIAN EZEQUIEL ESTEBAN<br \/>DIONISIO ARELLANO NATHANIEL CRISTIAN<br \/>DOMANICO ANIBAL<br \/>DONZIS MARCELO HORACIO<br \/>DRESZMAN RUBEN<br \/>DUH MARIA NATALIA<br \/>DUHART PEDRO<br \/>DURAN RICARDO ARIEL<br \/>ELENA ESTEBAN HORACIO<br \/>ELIAS JORGE MIGUEL<br \/>ELIAS JUAN CARLOS<br \/>ERREA EDUARDO HORACIO<br \/>ERREA FRANCISCO<br \/>ESCUDERO EZEQUIEL<br \/>ESTELA KARINA ALEJANDRA<br \/>ESTEVES RAMIRO<br \/>ETCHEVERRY MARIANO GABRIEL<br \/>FAGALDE NICOLAS<br \/>FALZONE OSVALDO<br \/>FARIA RUBEN AUGUSTO<br \/>FARI\u00d1A NU\u00d1EZ MARIA LAURA<br \/>FARONI NATALIA<br \/>FAVINI BARBARA<br \/>FERNANDEZ GASTON ARIEL<br \/>FERNANDEZ PABLO RODRIGO<br \/>FERNANDEZ NORMA ELISA<br \/>FERNANDEZ CORIA RODRIGO<br \/>FERNANDEZ ZUBIZARRETA EDUARDO<br \/>FERREIRA GASTON EDUARDO<br \/>FERRER Tom\u00e1s<br \/>FERRER RODOLFO AGUSTIN<br \/>FERREYRA JORGE RUBEN<br \/>FIGALLO JOSE MANUEL<br \/>FIGUEROA ARTURO ALEJANDRO<br \/>FILICIANI SANDRA<br \/>FIOCCHI FEDERICO<br \/>FLAHERTY FEDERICO<br \/>FLORES GUSTAVO HORACIO<br \/>FLORIA MIGUEL ANGEL<br \/>FRANGI DAMIAN MARTIN<br \/>FRANZE GUILLERMO<br \/>FRESCHI ANDR\u00c9S<br \/>FRONTERA VACA JULIO LUIS<br \/>FRONTERA VACA JULIO CESAR<br \/>FUENTES REINALDO MARCELO<br \/>FUMEKETTER WALTER<br \/>GAGLIARDI ENRIQUE PEDRO<br \/>GAGLIARDI ENRIQUE<br \/>GALEANO SEBASTIAN<br \/>GALETTO MELISA<br \/>GALGANO GUILLERMO CESAR<br \/>GALLI JUAN JOSE<br \/>GALLO SEBASTIAN ROBERTO<br \/>GALLO EDUARDO VICENTE<br \/>GALLO RAUL ALBERTO<br \/>GANCEDO MATIAS<br \/>GANDOLFO ENRIQUE ALDO<br \/>GANSSLEN CRISTIAN<br \/>GARBER SILVINA LAURA<br \/>GARCES IRIS MONICA ADRIANA<br \/>GARCIA CARLOS DANIEL<br \/>GARCIA NAVARRO GERARDO<br \/>GARCIA PINTOR MARIO JOS\u00c9<br \/>GARCIA ROBLEDAL GUILLERMINA<br \/>GARCIA TORO ANTONIO GUSTAVO<br \/>GARDELLA ESTRADA GUSTAVO EDUARDO<br \/>GARRAMMONE ANDR\u00c9S<br \/>GENEST GERARDO MATIAS<br \/>GENTINI GUSTAVO<br \/>GHIGLIONE GUSTAVO ALEJANDRO<br \/>GHILARDI CLAUDIO<br \/>GIANCARELLI YAMILA IVANA<br \/>GIMENEZ DELUSO ALEJO<br \/>GIUDICE MATIAS NICOLAS<br \/>GIURASTANTE ANDREA<br \/>GIUSTOZZI WALTER RUB\u00c9N<br \/>GODOY MARCELO NICOLAS<br \/>GOLTEINS SARA ZULEMA<br \/>GOMEZ HECTOR R.<br \/>GOMEZ GARCIA FERNANDO SEBASTIAN<br \/>GOMEZ LUCYSZYN ALEJANDRO RA\u00daL<br \/>G\u00d3MEZ MURGA ALEJANDRO ARIEL<br \/>GOMEZ VARA EDUARDO<br \/>GOMEZ VERDI MARCELA<br \/>GONZALEZ EDUARDO GUSTAVO<br \/>GONZALEZ SEBASTIAN JOSE<br \/>GONZALEZ BALSAS LORENA<br \/>GONZALEZ BIANCARDI MAR\u00cdA ELENA<br \/>GONZALEZ CARUSO SERGIO HECTOR<br \/>GONZALEZ OLIVA RAMIRO LUIS<br \/>GONZALEZ VEDOYA GERMAN<br \/>GO\u00d1I SANTIAGO<br \/>GRANDE RITA<br \/>GRASSANO LUDMILA<br \/>GRIGUOLI RICARDO ENRIQUE<br \/>GRILLI RA\u00daL ADAN<br \/>GRUA JORGE ANIBAL<br \/>GUERRISSI JORGE ANTONIO<br \/>GUEVARA LUIS ALBERTO<br \/>GUTIERREZ ALEJANDRO HUGO<br \/>GUTIERREZ ABRIL VALERIA ROMINA<br \/>HERBOSO CUESTA JOSE ANTONIO<br \/>HERNANDEZ GREGORIO<br \/>HERNANDEZ JORGE RENATO<br \/>HERRERA JORGE ALBERTO<br \/>HIERRO JULIETA<br \/>HOOGSTRA RICARDO<br \/>IMVENTARZA JESSICA<br \/>IORIO FERNANDO GABRIEL<br \/>IRIGO MARCELO RUBEN<br \/>ITURRASPE GUILLERMO<br \/>IWANYK PAULINA<br \/>JACOVELLA PATRICIO FERNANDO<br \/>JAIME EDUARDO MARIO R.<br \/>JA\u00d1EZ MARIANO<br \/>JONES GABRIEL JOHN<br \/>JORGE ESTELA VALERIA<br \/>JORQUERA SANCER MARCELO<br \/>JORRAT CARLOS RODRIGO<br \/>JOS\u00c9 SERGIO<br \/>JOZAMI HORACIO<br \/>JURI JUAN JOSE<br \/>KAMINSKY HORACIO ANGEL<br \/>KAPKO NATALIA IVANA<br \/>KORZIN SERGIO MARIO<br \/>KRAMER SEBASTIAN<br \/>KRASNOKUKI PEDRO<br \/>LA TORRE VIZCARRA JUSTO GAVINO<br \/>LABORDE SANTIAGO<br \/>LADERA RODRIGO<br \/>LAFONTANA JOS\u00c9 LUIS<br \/>LAFRANCONI DANIEL OSCAR<br \/>LAMAS GONZALO RAUL<br \/>LAMONEGA ROBERTO OSCAR<br \/>LANZA HECTOR LUIS<br \/>LAPISSONDE LUCIANO<br \/>LARA RICARDO CARLOS<br \/>LARDAPIDE GUILLERMO RAMIRO<br \/>LEBUS OMAR AUGUSTO<br \/>LEDESMA SERGIO<br \/>LEONHARDT CRISTIAN<br \/>LEONI HECTOR TITO<br \/>LESTA COMPAGNUCCI LUCAS FRANCISCO<br \/>LETIZ MAR\u00cdA SUSANA<br \/>LEZCANO BEATRIZ ELENA<br \/>LEZCANO TOMAS HORACIO<br \/>LINARES JOSE MARIA<br \/>LITERAS PEDRO ANDRES<br \/>LLANOS DE LA CRUZ ANIBAL JOSE<br \/>LLOBERA HECTOR HUGO DANIEL.<br \/>LO BRUTTO CARLOS DANIEL<br \/>LO TARTARO JOSE<br \/>LODOLO MARIO RAUL<br \/>LOPEZ MARISOL<br \/>LOPEZ ORLANDO ELISEO<br \/>LOPEZ BUSTOS RAMIRO<br \/>L\u00d3PEZ GUILLEMAIN ROGELIO<br \/>LORO MARCHESE JAVIER<br \/>LOSARDO RICARDO<br \/>LOSTIA HORACIO RICARDO<br \/>LOUSTAU HUGO DANIEL<br \/>LOVERA ALFREDO DANIEL<br \/>LUJAN CARLOS MATIAS<br \/>LUSISIC NICOLAS<br \/>MACKFARLANE MARCELO<br \/>MADRID LORENA<br \/>MAGRINI MARIO<br \/>MAIORANA FRANCO<br \/>MALATINI HERNAN<br \/>MALZONI CARLOS<br \/>MANGAS LUCILA VICTORIA<br \/>MARCELLO GASPAR<br \/>MARCHIANO JUAN JOSE<br \/>MARCHIONI EDUARDO E.<br \/>MARCOS PAULA<br \/>MARENZI GUSTAVO JUAN<br \/>MARGARIDE LUIS ALBERTO<br \/>MARIN MARCELA HEBE<br \/>MARINACCI OSCAR ALFREDO<br \/>MARRA JUAN JOS\u00c9<br \/>MARTINEZ DIEGO SEBASTIAN<br \/>MARTINEZ ROBERTO<br \/>MARTINEZ GEORGIA<br \/>MARTINEZ SERGIO RODOLFO<br \/>MARTINEZ FRANCESIO PABLO<br \/>MART\u00cdNEZ RIVERA MAR\u00cdA VER\u00d3NICA<br \/>MARTINO SILVINA<br \/>MARTINS ARMANDO JAVIER<br \/>MASTROMONACO GABRIEL MARCELO<br \/>MASTRONARDI LUIS MARIA<br \/>MATIA AGUSTIN<br \/>MATTEO DANIEL ERNESTO<br \/>MAYER PIRAGINE HORACIO F<br \/>MAYOR MARIANO<br \/>MEDINA RUBEN<br \/>MELANI MARTIN LUIS<br \/>MELGAR DANIEL<br \/>MELI FEDERICO<br \/>MENDOZA OSUNA PABLO ALEJANDRO<br \/>MENES BOYANOVSKY SAUL ERNESTO<br \/>MERBILHAA OSCAR ALFREDO<br \/>MERELLO ABENTE ALEJANDRO JORGE<br \/>MIKSA MARIA CECILIA<br \/>MINA RODRIGO ANDR\u00c9S<br \/>MINNOZZI ALDO GABRIEL<br \/>MIRA ROSO ANIBAL<br \/>MIRO ANTONIO RODOLFO<br \/>MOBILIA ADRIAN<br \/>MONJO HUGO LUCIANO<br \/>MONTES MIGUEL<br \/>MONTES MARIELA<br \/>MONTI FACUNDO<br \/>MORALES NORBERTO RODOLFO<br \/>MORANDI SEBASTIAN<br \/>MORCILLO DIANA<br \/>MORDEGLIA GUSTAVO JOAQUIN<br \/>MORENO RODRIGO JAVIER<br \/>MORENO MIRTA SUSANA<br \/>MORETTI ERNESTO ADRI\u00c1N<br \/>MOSQUERA DANIEL M<br \/>MOTTURA ANTONIO ALDO<br \/>MOYA CARLOS<br \/>MOYANO BRADLEY MARTIN GERVASIO<br \/>MU\u00d1OZ PAUPIE LISANDRO NAHUEL<br \/>MUR SERGIO<br \/>MURACA SILVIO JUAN<br \/>MURILLO NAVA MORALES LUIS FERNANDO<br \/>MURRAY ELIDA MAR\u00cdA<br \/>MUSAIME CESAR HERNAN<br \/>MUSRI LAILA<br \/>NADAL LOPEZ EMMANUELA<br \/>NAHAS LUIS FELIPE<br \/>NAHAS RAUL<br \/>NANI PAUL<br \/>NAVARRO PIZARRO JUAN MAURICIO<br \/>NAZAR ANCHORENA JOAQUIN CARLOS<br \/>NOCITI JOSE FRANCISCO<br \/>NOE JORGE GABRIEL<br \/>NOSTI EDGARDO<br \/>NOVILLO EDUARDO ALEJANDRO<br \/>OBAID ANIBAL EDUARDO<br \/>OCHOA H\u00c9CTOR JORGE<br \/>ODRIOZOLA LUIS IGNACIO<br \/>OHANIAN ALEXIS EDUARDO<br \/>OLIVERA MARIA CRISTINA<br \/>OLIVERO VILA FRANCISCO<br \/>ORTEGA JUAN CARLOS<br \/>ORTELLADO JUAN MANUEL<br \/>ORTIZ SEBASTIAN<br \/>OTTINI JORGE FAUSTO<br \/>OUVI\u00d1A JORGE MANUEL<br \/>OVEJERO CRISTINA DEL VALLE<br \/>OVIEDO CALVO DIEGO AGUST\u00cdN<br \/>PAEZ DIEGO<br \/>PAGANI SERGIO HUMBERTO<br \/>PAGLIA ALEJANDRO<br \/>PALACIOS HERNAN<br \/>PALAZZO EDUARDO ALEJANDRO<br \/>PANIAGUA MONICA<br \/>PAOLETTI JAVIER<br \/>PAPOLIO ROBERTO OSCAR<br \/>PARDINA ALFREDO JUSTO JOS\u00c9<br \/>PARED MARIA DE LOS ANGELES<br \/>PAREDES BEATRIZ SUSANA<br \/>PAREDES ALEJO CRUZ<br \/>PARELLADA ERNESTO<br \/>PARERA GUSTAVO RAUL<br \/>PARKKULAINEN MARIA VANESA<br \/>PASTONI DAMIAN GUSTAVO<br \/>PATANE JORGE RAUL<br \/>PEDRO JORGE RICARDO<br \/>PEFAURE JOAQUIN<br \/>PELAEZ FABIAN<br \/>PELLEGRINI LUCIANO EDGARDO<br \/>PELLICIONI OMAR ALBERTO<br \/>PELL\u00d3N ANDREA LAURA<br \/>PERALTA BRAULIO RAUL<br \/>PERALTA TURICH ROBERTO<br \/>PEREZ MARISA CLAUDIA<br \/>PEREZ RIVERA FRANCISCO FABIAN<br \/>PEREZ RODRIGUEZ GABRIEL<br \/>PERISSET MARTIN<br \/>PERNECCO CLAUDIA<br \/>PEROVIC PABLO GUSTAVO<br \/>PESTALARDO CARLOS MAR\u00cdA<br \/>PETERSEN ANGELES MARIA<br \/>PETERSEN PFISTER EZEQUIEL<br \/>PETRALLI NORA<br \/>PETRONI ARIEL<br \/>PEZZUTTI GUILLERMO OMAR<br \/>PEZZUTTI LUIS ALEJO<br \/>PICO MARIANA VALERIA<br \/>PICON MARIA CRISTINA<br \/>PIGNI FERNANDO LUIS<br \/>PISTONE CREYDT MERCEDES<br \/>PITONI QUINTEROS PABLO ROBERTO<br \/>POL CLAUDIO HORACIO<br \/>POLICHELA SERGIO MARCELO<br \/>POLISTINA EZEQUIEL GASTON<br \/>POMPEI CARLA<br \/>PORTAS MERCEDES<br \/>PORTO ANELEY FERNANDA<br \/>PRADO MARISA SILVANA<br \/>PRESSACCO GUSTAVO<br \/>PREVITERA ANTONIO<br \/>PREVOSTI OSCAR<br \/>PREZZAVENTO GUSTAVO EDUARDO<br \/>PROCIKIEVIEZ OSCAR<br \/>QUIROZ LEANDRO<br \/>QUIROZ FERNANDO<br \/>QUISPE ALEJANDRO ALBERTO<br \/>RAMACCIOTTI CAROLINA<br \/>RAMIL MARIANO<br \/>RAMOS JOSE EDUARDO<br \/>RANCATI ALBERTO<br \/>REARTES PABLO LUIS<br \/>REBECHINI JULIETA<br \/>RECCHIUTO JAVIER DONATO<br \/>REPETTI GABRIEL HORACIO<br \/>RESTANO AGUSTIN<br \/>REVOL ENRIQUE<br \/>RIPETTA LUIS MARIA<br \/>RIZK JUAN CARLOS<br \/>ROCHA MAXIMILIANO GASTON<br \/>RODRIGO JIMENA MARIA DEL PILAR<br \/>RODRIGUEZ LAURA CECILIA<br \/>RODRIGUEZ Jos\u00e9 Otilio<br \/>RODRIGUEZ JORGE RAUL<br \/>RODRIGUEZ JUAN CARLOS<br \/>RODR\u00cdGUEZ PEYLOUBET DIEGO<br \/>ROJAS RODOLFO RAMON<br \/>ROJAS VALERIA<br \/>ROMERO ALFREDO EDUARDO<br \/>ROMERO ARENA FEDERICO<br \/>ROMERO GAUNA MAR\u00cdA FERNANDA<br \/>ROMERO REYNA JAVIER<br \/>RONCAGLIA RICARDO EZEQUIEL<br \/>ROSATI RUBEN EMILIO<br \/>ROSENFELD SOLEDAD<br \/>ROSSAROLI SERGIO<br \/>ROSSIGNOL RODRIGO MARCELO<br \/>RUBIO MAINARDI MARIA SOLEDAD<br \/>RUDY GUSTAVO<br \/>RUIZ PABLO JOS\u00c9<br \/>RUIZ DANIEL FERNANDO<br \/>RUIZ VILLACORTA ROY<br \/>RUSCONI ENRIQUE SANTIAGO<br \/>SABOGAL ALESSIO EDGARDO<br \/>SAFRANCHIK MARIO GUSTAVO<br \/>SALA HERNAN FERNANDO<br \/>SALADINO CLAUDIO NESTOR<br \/>SALDIAS ALEJANDRO RAUL<br \/>SAMANIEGO CISNEROS EDGAR EFREN<br \/>SANABRIA CAROLINA<br \/>SANCHEZ MA. del PILAR<br \/>S\u00c1NCHEZ MARIA BEATRIZ<br \/>SANCHEZ DAVID<br \/>S\u00c1NCHEZ BOUZON HUGO OSCAR<br \/>SANDER BERGMAN MATIAS<br \/>SANDOVAL ORLANDO ELISEO<br \/>SANTIAGO ALFREDO MARIO<br \/>SANTIAGO MARIA ALEJANDRA<br \/>SASTRE GONZALO<br \/>SBRASCINI, SANDRA M\u00d3NICA<br \/>SCARPINELLI LILIANA BEATRIZ<br \/>SCHAUVINHOLD CRISTIAN<br \/>SCHENONE GUSTAVO EMILIO<br \/>SCHIAVONI JOSE MARIA<br \/>SCHIRMER CLAUDIA<br \/>SCHIRO JUAN IGNACIO<br \/>SCHNELLMANN DIEGO<br \/>SCHREINER, CARLOS DANIEL<br \/>SEILER JUAN IGNACIO<br \/>SELEME GRISELDA NOEMI<br \/>SEREN JUAN MANUEL<br \/>SERPA PABLO GUILLERMO<br \/>SERRANO ALCAL\u00c1 ROBERTO<br \/>SERVI WALTER<br \/>SETTECASI JULIETA<br \/>SETTI NAVARRO ROMINA L.<br \/>SIEMIENCZUK GUILLERMO FEDERICO<br \/>SILVESTRE ALEJANDRO JORGE<br \/>SOPLAN JOS\u00c9 LUIS<br \/>SORIA MARIANO<br \/>SORIANO MAURO<br \/>SOSA MARIO GUSTAVO<br \/>SPINELLI ESTEBAN JAVIER<br \/>STAGNARO EDUARDO JOSE<br \/>STEINBERG DIEGO<br \/>STOYANOFF JUAN<br \/>STURLA FLAVIO<br \/>STURLETTI CARLOS DIEGO<br \/>SUAREZ JUAN ALFREDO<br \/>SUAREZ CRISTIAN DARIO<br \/>SUAREZ SUQUILANDA MANUEL<br \/>TABOADA M. DANIEL<br \/>TAGLIAPIETRA JUAN CARLOS<br \/>TALJAME MARIA LAURA<br \/>TELECEMIAN CLAUDIO ALBERTO<br \/>TERRE MARIA JIMENA<br \/>TITA GUSTAVO FRANCISCO<br \/>TOLABA RAUL<br \/>TOMMASINO JUAN FRANCISCO<br \/>TORRE SEBASTIAN<br \/>TORRES EMILIANO<br \/>TORRES JAQUELINA GRICEL<br \/>TORRESSI MAR\u00cdA FLORENCIA<br \/>TRABACHINO BELEN<br \/>TRAVERSO JUAN CARLOS<br \/>TRAYNOR SEBASTIAN<br \/>TRIAY MARIANO<br \/>TRIGLIA ROMINA<br \/>TRILLO CARLOS ARNOLDO<br \/>TUCCILLO FERNANDO O.<br \/>TUERO ALEJANDRO ANGEL<br \/>TUNINETTI ALBERTO<br \/>TUNY GUSTAVO<br \/>URIBE PAZOS FABIO<br \/>URQUIZU MARIANO<br \/>VALOTTA M FERNANDA<br \/>VAN THIENEN CARLOS ENRIQUE<br \/>VANDECABEYE ARIEL<br \/>VAZQUEZ GUILLERMO DANIEL<br \/>VEAS NATALIA<br \/>VEGA LUIS FERNANDO<br \/>VELA JUAN MANUEL<br \/>VELASQUES EMILIO FERNANDO<br \/>VEL\u00c1ZQUEZ DABAT EDUARDO ALBERTO<br \/>VENEGAS BURGA RODOLFO<br \/>VERA BARROS LUCIA INES<br \/>VERA CUCCHIARO JAVIER JESUS<br \/>VERGINI PABLO<br \/>VIDOTTO DANIEL<br \/>VILA JUAN CARLOS<br \/>VILA NICOLAS MARTIN<br \/>VILLAR CARMEN BEATRIZ<br \/>VILLAVICENCIO RODOLFO<br \/>VINCENT NESTOR MARTIN<br \/>VI\u00d1AL MANUEL ALBERTO<br \/>VI\u00d1AS JOSE MANUEL<br \/>VISENTIN ADRIADNA GABRIELA<br \/>WAJNFELD SAMANTA LUCIANA<br \/>WENNER CECILIA GABRIELA<br \/>WETZEL JORGE RICARDO<br \/>WEXLER AGUSTIN<br \/>WEXLER EDUARDO L.<br \/>YACACHURY MARGARITA<br \/>YRIART SEBASTIAN<br \/>YUDICA MARIO<br \/>ZAMBUDIO MARIANO ARIEL<br \/>ZAN JUSTINIANO OSVALDO<br \/>ZANETTA GABRIEL<br \/>ZANINOVICH CRISTIAN DANIEL<br \/>ZAPATA FEDERICO<br \/>ZAPATA PEDRO<br \/>ZAVALLA CARLOS<br \/>ZLOCOWSKI IVAN LEON<br \/>ZUCCARDI SANTIAGO<br \/>ZU\u00d1IGA TEPPA CLAUDIA<\/p>\t\t\t\t\t\t\t\t<\/div>\n\t\t\t\t<\/div>\n\t\t\t\t\t<\/div>\n\t\t<\/div>\n\t\t\t\t\t<\/div>\n\t\t<\/section>\n\t\t\t\t<\/div>\n\t\t","protected":false},"excerpt":{"rendered":"<p>ARGENTINA Sociedad Argentina de Cirug\u00eda Pl\u00e1stica, Est\u00e9tica y Reparadora. Sitio Web Email Regresar ABDALA MONTOTO OSCAR LUISABELLA FERNANDOABRIATA GUILLERMO CESARABSI DANIEL EDUARDOABULAFIA ALBERTO JAVIERACERBI MARIA EUGENIAACEVEDO RODRIGO MARTINACHA MARIELAADAMO NICOLINI OSCAR DANIELAGUIRRE GONZALO GUILLERMOAHUALLI PATRICIA ELENAALBERTAL JORGEALBERTENGO ANDRESALDAZ LUIS RUBENALDAZ FEDERICOALI AGUSTINALMAR\u00c1 JOSE HERNANALVARENGA JOSE RAULALVAREZ MARTINALVAREZ FEDERICOALVAREZ ALDO DANIELAMALLO SERGIOAMBROSI ANDRES DANIELAMSTUTZ JORGE JAVIERANDRIANI [&hellip;]<\/p>\n","protected":false},"author":1,"featured_media":0,"parent":0,"menu_order":0,"comment_status":"closed","ping_status":"closed","template":"","meta":{"ocean_post_layout":"","ocean_both_sidebars_style":"","ocean_both_sidebars_content_width":0,"ocean_both_sidebars_sidebars_width":0,"ocean_sidebar":"","ocean_second_sidebar":"","ocean_disable_margins":"enable","ocean_add_body_class":"","ocean_shortcode_before_top_bar":"","ocean_shortcode_after_top_bar":"","ocean_shortcode_before_header":"","ocean_shortcode_after_header":"","ocean_has_shortcode":"","ocean_shortcode_after_title":"","ocean_shortcode_before_footer_widgets":"","ocean_shortcode_after_footer_widgets":"","ocean_shortcode_before_footer_bottom":"","ocean_shortcode_after_footer_bottom":"","ocean_display_top_bar":"default","ocean_display_header":"default","ocean_header_style":"","ocean_center_header_left_menu":"","ocean_custom_header_template":"","ocean_custom_logo":0,"ocean_custom_retina_logo":0,"ocean_custom_logo_max_width":0,"ocean_custom_logo_tablet_max_width":0,"ocean_custom_logo_mobile_max_width":0,"ocean_custom_logo_max_height":0,"ocean_custom_logo_tablet_max_height":0,"ocean_custom_logo_mobile_max_height":0,"ocean_header_custom_menu":"","ocean_menu_typo_font_family":"","ocean_menu_typo_font_subset":"","ocean_menu_typo_font_size":0,"ocean_menu_typo_font_size_tablet":0,"ocean_menu_typo_font_size_mobile":0,"ocean_menu_typo_font_size_unit":"px","ocean_menu_typo_font_weight":"","ocean_menu_typo_font_weight_tablet":"","ocean_menu_typo_font_weight_mobile":"","ocean_menu_typo_transform":"","ocean_menu_typo_transform_tablet":"","ocean_menu_typo_transform_mobile":"","ocean_menu_typo_line_height":0,"ocean_menu_typo_line_height_tablet":0,"ocean_menu_typo_line_height_mobile":0,"ocean_menu_typo_line_height_unit":"","ocean_menu_typo_spacing":0,"ocean_menu_typo_spacing_tablet":0,"ocean_menu_typo_spacing_mobile":0,"ocean_menu_typo_spacing_unit":"","ocean_menu_link_color":"","ocean_menu_link_color_hover":"","ocean_menu_link_color_active":"","ocean_menu_link_background":"","ocean_menu_link_hover_background":"","ocean_menu_link_active_background":"","ocean_menu_social_links_bg":"","ocean_menu_social_hover_links_bg":"","ocean_menu_social_links_color":"","ocean_menu_social_hover_links_color":"","ocean_disable_title":"default","ocean_disable_heading":"default","ocean_post_title":"","ocean_post_subheading":"","ocean_post_title_style":"","ocean_post_title_background_color":"","ocean_post_title_background":0,"ocean_post_title_bg_image_position":"","ocean_post_title_bg_image_attachment":"","ocean_post_title_bg_image_repeat":"","ocean_post_title_bg_image_size":"","ocean_post_title_height":0,"ocean_post_title_bg_overlay":0.5,"ocean_post_title_bg_overlay_color":"","ocean_disable_breadcrumbs":"default","ocean_breadcrumbs_color":"","ocean_breadcrumbs_separator_color":"","ocean_breadcrumbs_links_color":"","ocean_breadcrumbs_links_hover_color":"","ocean_display_footer_widgets":"default","ocean_display_footer_bottom":"default","ocean_custom_footer_template":"","footnotes":""},"class_list":["post-1490","page","type-page","status-publish","hentry","entry"],"_links":{"self":[{"href":"https:\/\/www.filacp.org\/web26\/wp-json\/wp\/v2\/pages\/1490","targetHints":{"allow":["GET"]}}],"collection":[{"href":"https:\/\/www.filacp.org\/web26\/wp-json\/wp\/v2\/pages"}],"about":[{"href":"https:\/\/www.filacp.org\/web26\/wp-json\/wp\/v2\/types\/page"}],"author":[{"embeddable":true,"href":"https:\/\/www.filacp.org\/web26\/wp-json\/wp\/v2\/users\/1"}],"replies":[{"embeddable":true,"href":"https:\/\/www.filacp.org\/web26\/wp-json\/wp\/v2\/comments?post=1490"}],"version-history":[{"count":0,"href":"https:\/\/www.filacp.org\/web26\/wp-json\/wp\/v2\/pages\/1490\/revisions"}],"wp:attachment":[{"href":"https:\/\/www.filacp.org\/web26\/wp-json\/wp\/v2\/media?parent=1490"}],"curies":[{"name":"wp","href":"https:\/\/api.w.org\/{rel}","templated":true}]}}