{"id":1458,"date":"2016-09-05T22:40:08","date_gmt":"2016-09-06T01:40:08","guid":{"rendered":"http:\/\/www.filacp.org\/?page_id=1458"},"modified":"2026-04-09T13:47:52","modified_gmt":"2026-04-09T16:47:52","slug":"miembros-costa-rica","status":"publish","type":"page","link":"https:\/\/www.filacp.org\/web26\/miembros-costa-rica\/","title":{"rendered":"Miembros Costa Rica"},"content":{"rendered":"\t\t<div data-elementor-type=\"wp-page\" data-elementor-id=\"1458\" class=\"elementor elementor-1458\">\n\t\t\t\t\t\t<section class=\"elementor-section elementor-top-section elementor-element elementor-element-49aca89c elementor-section-full_width elementor-section-height-min-height elementor-section-items-stretch elementor-section-height-default\" data-id=\"49aca89c\" data-element_type=\"section\" data-settings=\"{&quot;background_background&quot;:&quot;classic&quot;}\">\n\t\t\t\t\t\t<div class=\"elementor-container elementor-column-gap-default\">\n\t\t\t\t\t<div class=\"elementor-column elementor-col-100 elementor-top-column elementor-element elementor-element-78c1e846\" data-id=\"78c1e846\" data-element_type=\"column\">\n\t\t\t<div class=\"elementor-widget-wrap elementor-element-populated\">\n\t\t\t\t\t\t<div class=\"elementor-element elementor-element-42aec43 elementor-position-left elementor-position-left elementor-vertical-align-top elementor-widget elementor-widget-image-box\" data-id=\"42aec43\" data-element_type=\"widget\" data-widget_type=\"image-box.default\">\n\t\t\t\t<div class=\"elementor-widget-container\">\n\t\t\t\t\t<div class=\"elementor-image-box-wrapper\"><figure class=\"elementor-image-box-img\"><img decoding=\"async\" width=\"70\" height=\"47\" src=\"https:\/\/www.filacp.org\/web26\/wp-content\/uploads\/Costa-Rica.png\" class=\"attachment-full size-full wp-image-468\" alt=\"\" \/><\/figure><div class=\"elementor-image-box-content\"><h3 class=\"elementor-image-box-title\">COSTA RICA<\/h3><p class=\"elementor-image-box-description\">Asociaci\u00f3n Costarricense de Cirug\u00eda Pl\u00e1stica, Reconstructiva y Est\u00e9tica.<\/p><\/div><\/div>\t\t\t\t<\/div>\n\t\t\t\t<\/div>\n\t\t\t\t<div class=\"elementor-element elementor-element-4738ca88 elementor-icon-list--layout-inline elementor-align-right elementor-mobile-align-center elementor-list-item-link-full_width elementor-widget elementor-widget-icon-list\" data-id=\"4738ca88\" data-element_type=\"widget\" data-widget_type=\"icon-list.default\">\n\t\t\t\t<div class=\"elementor-widget-container\">\n\t\t\t\t\t\t\t<ul class=\"elementor-icon-list-items elementor-inline-items\">\n\t\t\t\t\t\t\t<li class=\"elementor-icon-list-item elementor-inline-item\">\n\t\t\t\t\t\t\t\t\t\t\t<a href=\"https:\/\/amecpre.com\/\" target=\"_blank\" rel=\"nofollow\">\n\n\t\t\t\t\t\t\t\t\t\t\t\t<span class=\"elementor-icon-list-icon\">\n\t\t\t\t\t\t\t<i aria-hidden=\"true\" class=\"fas fa-globe\"><\/i>\t\t\t\t\t\t<\/span>\n\t\t\t\t\t\t\t\t\t\t<span class=\"elementor-icon-list-text\">Sitio Web<\/span>\n\t\t\t\t\t\t\t\t\t\t\t<\/a>\n\t\t\t\t\t\t\t\t\t<\/li>\n\t\t\t\t\t\t\t\t<li class=\"elementor-icon-list-item elementor-inline-item\">\n\t\t\t\t\t\t\t\t\t\t\t<a href=\"mailto:info@amecpre.com\">\n\n\t\t\t\t\t\t\t\t\t\t\t\t<span class=\"elementor-icon-list-icon\">\n\t\t\t\t\t\t\t<i aria-hidden=\"true\" class=\"fas fa-envelope\"><\/i>\t\t\t\t\t\t<\/span>\n\t\t\t\t\t\t\t\t\t\t<span class=\"elementor-icon-list-text\">Email<\/span>\n\t\t\t\t\t\t\t\t\t\t\t<\/a>\n\t\t\t\t\t\t\t\t\t<\/li>\n\t\t\t\t\t\t\t\t<li class=\"elementor-icon-list-item elementor-inline-item\">\n\t\t\t\t\t\t\t\t\t\t\t<a href=\"https:\/\/www.filacp.org\/web26\/sociedades-miembros\/\">\n\n\t\t\t\t\t\t\t\t\t\t\t\t<span class=\"elementor-icon-list-icon\">\n\t\t\t\t\t\t\t<i aria-hidden=\"true\" class=\"fas fa-reply-all\"><\/i>\t\t\t\t\t\t<\/span>\n\t\t\t\t\t\t\t\t\t\t<span class=\"elementor-icon-list-text\">Regresar<\/span>\n\t\t\t\t\t\t\t\t\t\t\t<\/a>\n\t\t\t\t\t\t\t\t\t<\/li>\n\t\t\t\t\t\t<\/ul>\n\t\t\t\t\t\t<\/div>\n\t\t\t\t<\/div>\n\t\t\t\t\t<\/div>\n\t\t<\/div>\n\t\t\t\t\t<\/div>\n\t\t<\/section>\n\t\t\t\t<section class=\"elementor-section elementor-top-section elementor-element elementor-element-377a1c24 elementor-section-full_width elementor-section-height-default elementor-section-height-default\" data-id=\"377a1c24\" data-element_type=\"section\">\n\t\t\t\t\t\t<div class=\"elementor-container elementor-column-gap-default\">\n\t\t\t\t\t<div class=\"elementor-column elementor-col-100 elementor-top-column elementor-element elementor-element-2200f29c\" data-id=\"2200f29c\" data-element_type=\"column\">\n\t\t\t<div class=\"elementor-widget-wrap elementor-element-populated\">\n\t\t\t\t\t\t<div class=\"elementor-element elementor-element-2ebd94d5 elementor-widget elementor-widget-text-editor\" data-id=\"2ebd94d5\" data-element_type=\"widget\" data-widget_type=\"text-editor.default\">\n\t\t\t\t<div class=\"elementor-widget-container\">\n\t\t\t\t\t\t\t\t\t<p>ACHIO FUENTES MAY LING<br \/>ALFARO DAVILA MIGUEL<br \/>ARAYA ALEGR\u00cdA RODRIGO ALBERTO<br \/>ARAYA MATAMOROS SILVIA<br \/>AGUILERA REYES MARIA ROSA<br \/>ALVERANGA BARRAGAN MARIO<br \/>BADILLA MORA JORGE<br \/>BERROCAL C\u00d3RDOBA LUIS ALBERTO<br \/>BRENES LE\u00d1ERO EDUARDO<br \/>BOGANTES LEDEZMA JOVEL<br \/>CASTRILLON G\u00d3MEZ ANDR\u00c9S<br \/>CENTENO RAMIREZ CARLOS<br \/>CENTENO RODRIGUEZ MADELEINE<br \/>CHAC\u00d3N QUIR\u00d3S MANUEL<br \/>CHAVARRIA LE\u00d3N GUSTAVO<br \/>COHEN RETELNY JOSEPH ALEX<br \/>HERRERA MORA GIOVANNI JESUS<br \/>LEV SCHTIRBU ALEJANDRO<br \/>MORA MESEN CINTHYA<br \/>MORA SINNING JORGE<br \/>MONTOYA MORA GIOVANNI ANTONIO<br \/>PASTOR PACHECO LUIS CARLOS<br \/>PERALTA MANTILLA BERNARDO<br \/>PERALTA MANTILLA GABRIEL ALBERTO<br \/>PEREZ BALTODANO ALLAN LIBIO<br \/>PINO KING RONALD<br \/>POVEDA XATRUCH JUAN RAMON<br \/>PRADA CASTELLANOS YANETH<br \/>REYNA WALDRON GILBERTO ANTONIO<br \/>RIVERA GONZALEZ HECTOR<br \/>RIVERA PANIAGUA CHRISTIAN<br \/>ROMERO ANDR\u00c9S<br \/>ROSENSTOCK LIEBERMAN RASHI<br \/>RUBINSTEIN TEITELBAUM SYLVIA<br \/>SANCHEZ CABALLERO JOAQU\u00cdN <br \/>SEQUEIRA ULATE HENRY<br \/>SOLIS CHAVES PABLO<br \/>SOLIS TORRES JEFFRY<br \/>SUAREZ RAMOS OSCAR ALBERTO<br \/>TAPIA HERRERA ANDRES<br \/>URZOLA HERRERA VICTOR<br \/>VARGAS GONZALEZ ALFREDO<br \/>VARGAS SALAS DANIELA<br \/>VARGAS VILLALOBOS ALFREDO<br \/>VARGAS VILLALOBOS FRANCISCO<br \/>VILLALOBOS MORA CARLOS<br \/>VILLEGAS M\u00c9NDEZ SILVIA<br \/>V\u00cdQUEZ PRENDAS LAURA<\/p>\t\t\t\t\t\t\t\t<\/div>\n\t\t\t\t<\/div>\n\t\t\t\t\t<\/div>\n\t\t<\/div>\n\t\t\t\t\t<\/div>\n\t\t<\/section>\n\t\t\t\t<\/div>\n\t\t","protected":false},"excerpt":{"rendered":"<p>COSTA RICA Asociaci\u00f3n Costarricense de Cirug\u00eda Pl\u00e1stica, Reconstructiva y Est\u00e9tica. Sitio Web Email Regresar ACHIO FUENTES MAY LINGALFARO DAVILA MIGUELARAYA ALEGR\u00cdA RODRIGO ALBERTOARAYA MATAMOROS SILVIAAGUILERA REYES MARIA ROSAALVERANGA BARRAGAN MARIOBADILLA MORA JORGEBERROCAL C\u00d3RDOBA LUIS ALBERTOBRENES LE\u00d1ERO EDUARDOBOGANTES LEDEZMA JOVELCASTRILLON G\u00d3MEZ ANDR\u00c9SCENTENO RAMIREZ CARLOSCENTENO RODRIGUEZ MADELEINECHAC\u00d3N QUIR\u00d3S MANUELCHAVARRIA LE\u00d3N GUSTAVOCOHEN RETELNY JOSEPH ALEXHERRERA MORA GIOVANNI JESUSLEV [&hellip;]<\/p>\n","protected":false},"author":1,"featured_media":0,"parent":0,"menu_order":0,"comment_status":"closed","ping_status":"closed","template":"","meta":{"ocean_post_layout":"","ocean_both_sidebars_style":"","ocean_both_sidebars_content_width":0,"ocean_both_sidebars_sidebars_width":0,"ocean_sidebar":"","ocean_second_sidebar":"","ocean_disable_margins":"enable","ocean_add_body_class":"","ocean_shortcode_before_top_bar":"","ocean_shortcode_after_top_bar":"","ocean_shortcode_before_header":"","ocean_shortcode_after_header":"","ocean_has_shortcode":"","ocean_shortcode_after_title":"","ocean_shortcode_before_footer_widgets":"","ocean_shortcode_after_footer_widgets":"","ocean_shortcode_before_footer_bottom":"","ocean_shortcode_after_footer_bottom":"","ocean_display_top_bar":"default","ocean_display_header":"default","ocean_header_style":"","ocean_center_header_left_menu":"","ocean_custom_header_template":"","ocean_custom_logo":0,"ocean_custom_retina_logo":0,"ocean_custom_logo_max_width":0,"ocean_custom_logo_tablet_max_width":0,"ocean_custom_logo_mobile_max_width":0,"ocean_custom_logo_max_height":0,"ocean_custom_logo_tablet_max_height":0,"ocean_custom_logo_mobile_max_height":0,"ocean_header_custom_menu":"","ocean_menu_typo_font_family":"","ocean_menu_typo_font_subset":"","ocean_menu_typo_font_size":0,"ocean_menu_typo_font_size_tablet":0,"ocean_menu_typo_font_size_mobile":0,"ocean_menu_typo_font_size_unit":"px","ocean_menu_typo_font_weight":"","ocean_menu_typo_font_weight_tablet":"","ocean_menu_typo_font_weight_mobile":"","ocean_menu_typo_transform":"","ocean_menu_typo_transform_tablet":"","ocean_menu_typo_transform_mobile":"","ocean_menu_typo_line_height":0,"ocean_menu_typo_line_height_tablet":0,"ocean_menu_typo_line_height_mobile":0,"ocean_menu_typo_line_height_unit":"","ocean_menu_typo_spacing":0,"ocean_menu_typo_spacing_tablet":0,"ocean_menu_typo_spacing_mobile":0,"ocean_menu_typo_spacing_unit":"","ocean_menu_link_color":"","ocean_menu_link_color_hover":"","ocean_menu_link_color_active":"","ocean_menu_link_background":"","ocean_menu_link_hover_background":"","ocean_menu_link_active_background":"","ocean_menu_social_links_bg":"","ocean_menu_social_hover_links_bg":"","ocean_menu_social_links_color":"","ocean_menu_social_hover_links_color":"","ocean_disable_title":"default","ocean_disable_heading":"default","ocean_post_title":"","ocean_post_subheading":"","ocean_post_title_style":"","ocean_post_title_background_color":"","ocean_post_title_background":0,"ocean_post_title_bg_image_position":"","ocean_post_title_bg_image_attachment":"","ocean_post_title_bg_image_repeat":"","ocean_post_title_bg_image_size":"","ocean_post_title_height":0,"ocean_post_title_bg_overlay":0.5,"ocean_post_title_bg_overlay_color":"","ocean_disable_breadcrumbs":"default","ocean_breadcrumbs_color":"","ocean_breadcrumbs_separator_color":"","ocean_breadcrumbs_links_color":"","ocean_breadcrumbs_links_hover_color":"","ocean_display_footer_widgets":"default","ocean_display_footer_bottom":"default","ocean_custom_footer_template":"","footnotes":""},"class_list":["post-1458","page","type-page","status-publish","hentry","entry"],"_links":{"self":[{"href":"https:\/\/www.filacp.org\/web26\/wp-json\/wp\/v2\/pages\/1458","targetHints":{"allow":["GET"]}}],"collection":[{"href":"https:\/\/www.filacp.org\/web26\/wp-json\/wp\/v2\/pages"}],"about":[{"href":"https:\/\/www.filacp.org\/web26\/wp-json\/wp\/v2\/types\/page"}],"author":[{"embeddable":true,"href":"https:\/\/www.filacp.org\/web26\/wp-json\/wp\/v2\/users\/1"}],"replies":[{"embeddable":true,"href":"https:\/\/www.filacp.org\/web26\/wp-json\/wp\/v2\/comments?post=1458"}],"version-history":[{"count":0,"href":"https:\/\/www.filacp.org\/web26\/wp-json\/wp\/v2\/pages\/1458\/revisions"}],"wp:attachment":[{"href":"https:\/\/www.filacp.org\/web26\/wp-json\/wp\/v2\/media?parent=1458"}],"curies":[{"name":"wp","href":"https:\/\/api.w.org\/{rel}","templated":true}]}}