{"id":1523,"date":"2016-09-06T11:00:51","date_gmt":"2016-09-06T14:00:51","guid":{"rendered":"http:\/\/www.filacp.org\/?page_id=1523"},"modified":"2026-04-06T15:51:45","modified_gmt":"2026-04-06T18:51:45","slug":"miembros-peru","status":"publish","type":"page","link":"https:\/\/www.filacp.org\/web\/miembros-peru\/","title":{"rendered":"Miembros Peru"},"content":{"rendered":"\t\t<div data-elementor-type=\"wp-page\" data-elementor-id=\"1523\" class=\"elementor elementor-1523\">\n\t\t\t\t\t\t<section class=\"elementor-section elementor-top-section elementor-element elementor-element-706b1f7a elementor-section-full_width elementor-section-height-default elementor-section-height-default\" data-id=\"706b1f7a\" data-element_type=\"section\">\n\t\t\t\t\t\t<div class=\"elementor-container elementor-column-gap-narrow\">\n\t\t\t\t\t<div class=\"elementor-column elementor-col-66 elementor-top-column elementor-element elementor-element-597a8f29\" data-id=\"597a8f29\" data-element_type=\"column\">\n\t\t\t<div class=\"elementor-widget-wrap elementor-element-populated\">\n\t\t\t\t\t\t<div class=\"elementor-element elementor-element-94f2b9b elementor-position-left elementor-vertical-align-middle elementor-widget elementor-widget-image-box\" data-id=\"94f2b9b\" data-element_type=\"widget\" data-widget_type=\"image-box.default\">\n\t\t\t\t<div class=\"elementor-widget-container\">\n\t\t\t\t\t<div class=\"elementor-image-box-wrapper\"><figure class=\"elementor-image-box-img\"><img decoding=\"async\" width=\"70\" height=\"47\" src=\"https:\/\/www.filacp.org\/web\/wp-content\/uploads\/Peru.png\" class=\"attachment-full size-full wp-image-338\" alt=\"\" \/><\/figure><div class=\"elementor-image-box-content\"><h3 class=\"elementor-image-box-title\">Sociedad Peruana de Cirug\u00eda Pl\u00e1stica<\/h3><\/div><\/div>\t\t\t\t<\/div>\n\t\t\t\t<\/div>\n\t\t\t\t\t<\/div>\n\t\t<\/div>\n\t\t\t\t<div class=\"elementor-column elementor-col-33 elementor-top-column elementor-element elementor-element-697f7123\" data-id=\"697f7123\" data-element_type=\"column\">\n\t\t\t<div class=\"elementor-widget-wrap elementor-element-populated\">\n\t\t\t\t\t\t<div class=\"elementor-element elementor-element-587d5651 elementor-align-justify elementor-widget elementor-widget-button\" data-id=\"587d5651\" data-element_type=\"widget\" data-widget_type=\"button.default\">\n\t\t\t\t<div class=\"elementor-widget-container\">\n\t\t\t\t\t\t\t\t\t<div class=\"elementor-button-wrapper\">\n\t\t\t\t\t<a class=\"elementor-button elementor-button-link elementor-size-xs elementor-animation-push\" href=\"http:\/\/sociedadperuanadecirugiaplastica.com.pe\/\" target=\"_blank\">\n\t\t\t\t\t\t<span class=\"elementor-button-content-wrapper\">\n\t\t\t\t\t\t\t\t\t<span class=\"elementor-button-text\">Sitio Web de la<br>Sociedad Miembro<\/span>\n\t\t\t\t\t<\/span>\n\t\t\t\t\t<\/a>\n\t\t\t\t<\/div>\n\t\t\t\t\t\t\t\t<\/div>\n\t\t\t\t<\/div>\n\t\t\t\t<div class=\"elementor-element elementor-element-5fe1c22a elementor-widget elementor-widget-heading\" data-id=\"5fe1c22a\" data-element_type=\"widget\" data-widget_type=\"heading.default\">\n\t\t\t\t<div class=\"elementor-widget-container\">\n\t\t\t\t\t<h2 class=\"elementor-heading-title elementor-size-default\"><a href=\"history.back()\"> Volver Atr\u00e1s<\/a><\/h2>\t\t\t\t<\/div>\n\t\t\t\t<\/div>\n\t\t\t\t\t<\/div>\n\t\t<\/div>\n\t\t\t\t\t<\/div>\n\t\t<\/section>\n\t\t\t\t<section class=\"elementor-section elementor-top-section elementor-element elementor-element-64da6f08 elementor-section-boxed elementor-section-height-default elementor-section-height-default\" data-id=\"64da6f08\" data-element_type=\"section\">\n\t\t\t\t\t\t<div class=\"elementor-container elementor-column-gap-default\">\n\t\t\t\t\t<div class=\"elementor-column elementor-col-100 elementor-top-column elementor-element elementor-element-454b2ffd\" data-id=\"454b2ffd\" data-element_type=\"column\">\n\t\t\t<div class=\"elementor-widget-wrap elementor-element-populated\">\n\t\t\t\t\t\t<div class=\"elementor-element elementor-element-73e69ef3 elementor-widget-divider--view-line elementor-widget elementor-widget-divider\" data-id=\"73e69ef3\" data-element_type=\"widget\" data-widget_type=\"divider.default\">\n\t\t\t\t<div class=\"elementor-widget-container\">\n\t\t\t\t\t\t\t<div class=\"elementor-divider\">\n\t\t\t<span class=\"elementor-divider-separator\">\n\t\t\t\t\t\t<\/span>\n\t\t<\/div>\n\t\t\t\t\t\t<\/div>\n\t\t\t\t<\/div>\n\t\t\t\t\t<\/div>\n\t\t<\/div>\n\t\t\t\t\t<\/div>\n\t\t<\/section>\n\t\t\t\t<section class=\"elementor-section elementor-top-section elementor-element elementor-element-2496bc55 elementor-section-boxed elementor-section-height-default elementor-section-height-default\" data-id=\"2496bc55\" data-element_type=\"section\">\n\t\t\t\t\t\t<div class=\"elementor-container elementor-column-gap-default\">\n\t\t\t\t\t<div class=\"elementor-column elementor-col-100 elementor-top-column elementor-element elementor-element-2325f24b\" data-id=\"2325f24b\" data-element_type=\"column\">\n\t\t\t<div class=\"elementor-widget-wrap elementor-element-populated\">\n\t\t\t\t\t\t<div class=\"elementor-element elementor-element-46ba4eba elementor-widget elementor-widget-heading\" data-id=\"46ba4eba\" data-element_type=\"widget\" data-widget_type=\"heading.default\">\n\t\t\t\t<div class=\"elementor-widget-container\">\n\t\t\t\t\t<h2 class=\"elementor-heading-title elementor-size-default\">Listado de Miembros<\/h2>\t\t\t\t<\/div>\n\t\t\t\t<\/div>\n\t\t\t\t<div class=\"elementor-element elementor-element-6ac482c7 elementor-widget elementor-widget-text-editor\" data-id=\"6ac482c7\" data-element_type=\"widget\" data-widget_type=\"text-editor.default\">\n\t\t\t\t<div class=\"elementor-widget-container\">\n\t\t\t\t\t\t\t\t\t<p>AGUIRRE GARCES MARIO ALEJANDRO<br \/>ALMONTE VELARDE RALPH RENATO<br \/>ALVARADO FERN\u00c1NDEZ CESAR AUGUSTO<br \/>ALVARADO GALINDO OSCAR ALBERTO<br \/>ANAYA SIFUENTES AUGUSTO<br \/>ANCO MALLQUI NORMAN<br \/>ANGULO BAZ\u00c1N ROSA FANNY<br \/>\u00c1NGULO BOHORQUES VANESA<br \/>ANGULO YABAR OSCAR<br \/>ANTEZANA DELGADO CESAR AUGUSTO<br \/>ARANCIBIA RODR\u00cdGUEZ MARIA SONIA<br \/>ARAPA ACRUTA GIL ROGELIO<br \/>ARELLANO GIRON GARY MANUEL<br \/>ARIZOLA GOMEZ MARCO BELISARIO<br \/>ARRIOLA ARROYO AUGUSTO LUIS FELIPE<br \/>ARROYO TORRES ELMER JESUS<br \/>ASTOCONDOR PEREZ JUAN PEDRO<br \/>ASTOCONDOR SALAZAR EPIFANIO FRANCISCO<br \/>AZABACHE D\u00cdAZ RONNY WENCESLAO<br \/>BARDALES LASTEROS BENITO ALBERTO<br \/>BARDALEZ GAMARRA GUILLERMO<br \/>BARRENECHEA TARAZONA LUIS ALBERTO<br \/>BARRIGA FONG VICTOR HUGO<br \/>BAZUALDO FIORINI ENZO RENATO<br \/>BENAVENTE TEIXEIRA LUIS FELIPE<br \/>BISBAL SMITH JORGE LUIS<br \/>BROMLEY CUEVA MILUSKA LISBETH<br \/>BUENO LAZO GUSTAVO ENRIQUE JOSE<br \/>BURGOS MIRANDA JORGE GIOVANNY<br \/>BUSTAMANTE LOZADA ATENAS<br \/>CABRERA MEDINA JESUS RICARDO<br \/>CAHUANA SALINAS EDGAR RAFAEL<br \/>CALDER\u00d3N ALFARO C\u00c9SAR<br \/>CALLUPE GAMARRA MARGA CAROLINA<br \/>CALVO QUIROZ ALBERTO BALTAZAR<br \/>CANO GUERRA FIORELLA DORIS<br \/>CANTONI MENDIOLA CATERINA<br \/>CARRI\u00d3N MAURICIO KELLY STELLE<br \/>CASAPIA MOSCOSO JOSE FELIX<br \/>CASAS VELASQUEZ JUAN ANTONINO<br \/>CASTA\u00d1EDA FERRADAS ELSA MARIA<br \/>CASTILLO GRISSON BLANCA MARIA<br \/>CASTILLO RIVEROS FREDDY ALEX<br \/>CASTRO LE\u00d3N ELSA<br \/>CASTRO MONZON FELIX RUBEN<br \/>CASTRO MONZON RENATO GIORGIO EZEQUIEL<br \/>CASTRO ROMERO JAVIER GUSTAVO<br \/>CASTRO SIERRA FELIX RUBEN<br \/>CAVENAGO ARCE ALEXANDRO<br \/>CAVENAGO ARCE EDOARDO ANGELLO<br \/>CAYOTOPA TAFUR FERNANDO<br \/>CENTURION RIVAS PATRICIO<br \/>CHAMBI ZAMALLOA ALAIN IGNACIO<br \/>CHAMULI GAMSBILLER RUDY<br \/>CHAU RAMOS ENRIQUE ANTONIO<br \/>CHAVEZ BERNUY PAOLA ALEXANDRA<br \/>CH\u00c1VEZ LIRA GABRIEL ALEJANDRO<br \/>CIUDAD CRUZ PEDRO<br \/>COMITRE BERRY JUAN CARLOS<br \/>CORDOVA AGUILAR ALBERTO<br \/>CORDOVA ORRILLO JOSE VICTOR<br \/>CORNEJO PORTILLO MARIO<br \/>CRUZ VARGAS JAQUELINE<br \/>D&#8217;ANGELO RAMOS ERNESTO MARTIN<br \/>DAVILA Espinoza MIGUEL<br \/>DAVILA SALAS BERGIE HAZEL<br \/>DE PAWLIKOWSKI AMIEL NORMI WIESLAWA<br \/>DE SOUZA PEIXOTO LUNA RONNY ORLANDO<br \/>DEL AGUILA MU\u00d1OZ JAVIER JOSE<br \/>DELGADO BINASCO RICARDO<br \/>DELGADO JIM\u00c9NEZ MARIA P\u00cdA VER\u00d3NICA<br \/>DIAZ CABREJOS OSCAR ALBERTO<br \/>DIAZ GONZALES WILDER ROBERTH<br \/>DIAZ PINILLOS JULIO CESAR<br \/>DOCUMET SILVA DAVID RAFAEL<br \/>DRASSINOWER KREIMER MARIO ETHAN<br \/>ESCALANTE CANORIO SILVIA<br \/>FARIAS CARRILLO FELIX JORGE<br \/>FLORES ARENAS BERNARDO ALEXANDER<br \/>FLORES MI\u00d1ANO MIGUEL ANGEL<br \/>GAGO CONTRERAS MARIA CRISTINA<br \/>GARCIA RODRIGUEZ FATIMA INGRID<br \/>GELDRES TORIBIO WILLIAM JULIAN<br \/>GIL KODAKA DANIEL ORLANDO<br \/>GIL-MALCA PEREZ MARCO AURELIO<br \/>GIRON ORME\u00d1O ROSSANA<br \/>GOMEZ DIAZ MARCO ANTONIO<br \/>GOMEZ GALINDO RICARDO<br \/>GONZALES SAAVEDRA MAX ANTHONY<br \/>GUANILO CARRILLO IVAN DANIEL<br \/>HERNANDEZ PATI\u00d1O RAFAEL IVAN<br \/>HERNANDEZ SALAZAR JULIO ALFONSO MARTIN<br \/>HERRERA RUELAS BETO ANGEL<br \/>HERRERA TAQU\u00cdA RENEE GLORIA<br \/>HIDALGO PENALILLO JORGE ENRIQUE<br \/>HUAPAYA PARICOTO CELINDA<br \/>INGA SALAZAR MARLON ANTHONY<br \/>JAEN GRANDA JEAN PIERRE<br \/>JARA DE LA CRUZ MANUEL ALEJANDRO<br \/>JAULIS SOLORZANO JOHN FORTUNATO<br \/>JHUSEY CHANG MARTHA MARIA<br \/>JIMENEZ ESQUIVEL FRANK TAILOR<br \/>JOVICK MU\u00d1OZ MILITZA THERESA<br \/>JULCAMORO ASENCIO OSCAR<br \/>KIRSCHBAUM FRIDMAN CLAUDIO<br \/>KIRSCHBAUM FRIDMAN JULIO DANIEL<br \/>LA TORRE TANG WINSTON<br \/>LA TORRE TRISTAN ANDRES RAFAEL<br \/>LEON YNGUIL RENZO RODOLFO<br \/>LESCANO MANAY EDUARDO<br \/>LESCANO SAN MART\u00cdN LUIS EDUARDO<br \/>LLOSA BOLUARTE GINO RAUL<br \/>LOPEZ AGUINAGA SORAYA<br \/>LOPEZ ARGOTE JESUS<br \/>LOPEZ CAMPOS EDGAR ALBERTO<br \/>LOPEZ PONCE LINDER ALEXANDER<br \/>LOPEZ VALDERRAMA HELI AVELINO<br \/>LOYOLA GRANDA YAHAIRA YAMILE<br \/>LUDE\u00d1A MU\u00d1OZ JUAN RAFAEL<br \/>LUNA MU\u00d1OZ RONULFO FERNANDO<br \/>MANZANEDA CIPRIANI RA\u00daL MARTIN<br \/>MARAVI BALDEON OSVINO LUIS<br \/>MARCOS QUISPE HENRY ARMANDO<br \/>MARCOS QUISPE JORGE LUIS<br \/>MARQUEZ SERRES JOSE<br \/>MARSANO MONTALVA BERTHA AMANDA<br \/>MASGO SOTO WALDO WILLIAMS<br \/>MENDEZ ANCCA RONMY<br \/>Mendoza Arteaga Andres<br \/>MENDOZA BERNARDO LUZ MERY<br \/>MERCEDES OTINIANO CLAUDIA<br \/>MONTENEGRO MIREZ CYNTHIA KAREN<br \/>MORALES GUTI\u00c9RREZ VALERIA SUSANA CAROL<br \/>MORENO RODR\u00cdGUEZ LEONCIO JORGE<br \/>MORENO VASQUEZ LUIGUI NICOL<br \/>MORILLAS TORRES CESAR ENRIQUE<br \/>MUNIVE BENDEZ\u00da FRANCISCO ROBERTO<br \/>NAVARRO MURGEYTIO WALTER BORIS<br \/>NEIRA CARPIO FERNANDO BENJAMIN<br \/>NU\u00d1EZ CASTA\u00d1EDA JOSE MIGUEL<br \/>NU\u00d1EZ GUZM\u00c1N MARCELINO GUSTAVO<br \/>NU\u00d1EZ VILLAR PERCY JESUS<br \/>OLIVENCIA FLORES CLAUDIA GISELLE<br \/>OLIVO ULLOA RUBELA<br \/>ORME\u00d1O AQUINO RUBEN DARIO<br \/>ORME\u00d1O VALDIZ\u00c1N RICARDO LUIS<br \/>PANDO MONTALVA MARIA TERESA<br \/>PAREDES APONTE LUIS<br \/>PAREDES LEANDRO PERCY CHRISTIAN<br \/>PAREDES MARAV\u00cd MANUEL JESUS<br \/>PASCUAL ZEMBO JAVIER<br \/>PASTOR TERRY JAVIER ALFONSO<br \/>PEREA D\u00cdAZ ELMER<br \/>PEREZ HEREDIA ROCIO BELEN<br \/>PEREZ SOTO WILDER ARMIN<br \/>PEREZ WILLIS WILDER<br \/>PINO INFANTE GUILLERMO ELOY<br \/>PITA MARINO JOHNNY GALO<br \/>PLASENCIA SANTA MAR\u00cdA VICTOR RAUL<br \/>PLAZA HERESI CARLOS ORLANDO<br \/>PONCE MALDONADO JUAN CARLOS<br \/>RAMIREZ MARI\u00d1OS LUIS ALBERTO<br \/>RENGIFO CARPIO ADRIANA IRMA<br \/>REYNAGA LUNA CESAR ALEJANDRO<br \/>RIOS HIDALGO ENRIQUE<br \/>RIVERA DEL CARPIO NAKANDAKARI JULIO CESAR FRANCISCO<br \/>RODRIGUEZ REA\u00d1O DAVID BENJAMIN<br \/>RODRIGUEZ RODR\u00cdGUEZ VICTOR ELOY<br \/>RODRIGUEZ SUCA FUNDADOR SALVADOR<br \/>RODRIGUEZ VILLANUEVA WALTER ESTUARDO<br \/>ROJAS NIEVES ESTRELLA<br \/>ROMAN VERA JUAN JOSE<br \/>ROMERO NARVAEZ CAROLINA JEANETTE<br \/>ROSSANI ALATRISTA GERMAN<br \/>ROSSI ACU\u00d1A RAFAEL GUILLERMO<br \/>RUBIO IDROGO LUIS ISAEL<br \/>RUEDA ALVARADO JENNIE<br \/>RUIZ CARBAJAL MARIA EUGENIA<br \/>RUIZ ROJAS JULIO RAUL<br \/>SALAZAR ENCINAS CESAR JOSE<br \/>SALAZAR LETURIA JESSICA PRISCILLA<br \/>SALCEDO MOLINA GUSTAVO RENE<br \/>SALOMON VILDOSO DANITZA ROSA DEL CARMEN<br \/>SAMANIEGO VALLEJOS FRANCO JUSTO<br \/>SANTIVA\u00d1EZ SEMINARIO ANIBAL HUMBERTO<br \/>SANTOS REBAZA KREISKY DE LOS<br \/>SARMIENTO CORT\u00c9Z MIGUEL AUGUSTO<br \/>SEMINARIO VALLE WINSTON FRANKLIN<br \/>SILVERIO MOTA EUSTAQUIO ERMITA\u00d1O<br \/>SINCHI TUESTA MANUEL ENRIQUE<br \/>SOLANO CHAVEZ ROY FRANCISCO<br \/>SOLIS GONZALES MIRIAM FELICIDAD<br \/>SORIANO LOZANO FRANKLIN JESUS<br \/>SOTA MENDIETA MARIANO<br \/>SUSANIBAR NAPURI JORGE<br \/>TEJADA RAMOS CARLOS EDGARD<br \/>TERRAZAS DIAZ SANDRA<br \/>TERUYA IKEHARA MANUEL<br \/>VALDIVIA BRONCALES RAUL ROBERTO CARLOS<br \/>VALDIVIA VALVERDE ANA MARIA CECILIA<br \/>VALVERDE PINILLOS KAREN VIVIANA<br \/>VARGAS CASTILLO HECTOR FRANCISCO<br \/>VASQUEZ CHAVEZ ELVA<br \/>VASQUEZ LIMAYLLA EDWIN VIDAL<br \/>VASQUEZ RAMIREZ WENCESLAO<br \/>VENERO MORTOLA ALEJANDRO<br \/>VENTURA MARRUFFO LUIS ALBERTO<br \/>VERA PINTO JOSE ANTONIO<br \/>VERGARA PINTO HILDA ROCIO<br \/>VICU\u00d1A RIOS NORA ANGELA<br \/>VILLEGAS ROM\u00c1N FRANCISCO VICTOR<br \/>VIRIJIVICH L\u00d3PEZ MARLENA AIDA<br \/>VIZCARRA ALOSILLA LUIS ANTONIO<br \/>WIEGERING CECCHI GUILLERMO MARTIN<br \/>WIEGERING GONZALES CARLOS ENRIQUE<br \/>ZAPATA D\u00cdAZ JOSE CARLOS<br \/>ZAVALA DE PAWLIKOWSKI ABRAHAM<br \/>ZEBALLOS PALACIOS JOYCE IVETTE<br \/>ZEGARRA AVILA WALTER FRANK<br \/>ZEGARRA CARRANZA ANTERO WALTER<br \/>ZIEGLER GUTI\u00c9RREZ OTTO ENRIQUE<br \/>ZIEGLER RODRIGUEZ OTTO ROLANDO<br \/>ZUNINI DODERO PEDRO LUIS<\/p>\t\t\t\t\t\t\t\t<\/div>\n\t\t\t\t<\/div>\n\t\t\t\t\t<\/div>\n\t\t<\/div>\n\t\t\t\t\t<\/div>\n\t\t<\/section>\n\t\t\t\t<\/div>\n\t\t","protected":false},"excerpt":{"rendered":"<p>Sociedad Peruana de Cirug\u00eda Pl\u00e1stica Sitio Web de laSociedad Miembro Volver Atr\u00e1s Listado de Miembros AGUIRRE GARCES MARIO ALEJANDROALMONTE VELARDE RALPH RENATOALVARADO FERN\u00c1NDEZ CESAR AUGUSTOALVARADO GALINDO OSCAR ALBERTOANAYA SIFUENTES AUGUSTOANCO MALLQUI NORMANANGULO BAZ\u00c1N ROSA FANNY\u00c1NGULO BOHORQUES VANESAANGULO YABAR OSCARANTEZANA DELGADO CESAR AUGUSTOARANCIBIA RODR\u00cdGUEZ MARIA SONIAARAPA ACRUTA GIL ROGELIOARELLANO GIRON GARY MANUELARIZOLA GOMEZ MARCO BELISARIOARRIOLA ARROYO [&hellip;]<\/p>\n","protected":false},"author":1,"featured_media":0,"parent":0,"menu_order":0,"comment_status":"closed","ping_status":"closed","template":"","meta":{"ocean_post_layout":"","ocean_both_sidebars_style":"","ocean_both_sidebars_content_width":0,"ocean_both_sidebars_sidebars_width":0,"ocean_sidebar":"","ocean_second_sidebar":"","ocean_disable_margins":"enable","ocean_add_body_class":"","ocean_shortcode_before_top_bar":"","ocean_shortcode_after_top_bar":"","ocean_shortcode_before_header":"","ocean_shortcode_after_header":"","ocean_has_shortcode":"","ocean_shortcode_after_title":"","ocean_shortcode_before_footer_widgets":"","ocean_shortcode_after_footer_widgets":"","ocean_shortcode_before_footer_bottom":"","ocean_shortcode_after_footer_bottom":"","ocean_display_top_bar":"default","ocean_display_header":"default","ocean_header_style":"","ocean_center_header_left_menu":"","ocean_custom_header_template":"","ocean_custom_logo":0,"ocean_custom_retina_logo":0,"ocean_custom_logo_max_width":0,"ocean_custom_logo_tablet_max_width":0,"ocean_custom_logo_mobile_max_width":0,"ocean_custom_logo_max_height":0,"ocean_custom_logo_tablet_max_height":0,"ocean_custom_logo_mobile_max_height":0,"ocean_header_custom_menu":"","ocean_menu_typo_font_family":"","ocean_menu_typo_font_subset":"","ocean_menu_typo_font_size":0,"ocean_menu_typo_font_size_tablet":0,"ocean_menu_typo_font_size_mobile":0,"ocean_menu_typo_font_size_unit":"px","ocean_menu_typo_font_weight":"","ocean_menu_typo_font_weight_tablet":"","ocean_menu_typo_font_weight_mobile":"","ocean_menu_typo_transform":"","ocean_menu_typo_transform_tablet":"","ocean_menu_typo_transform_mobile":"","ocean_menu_typo_line_height":0,"ocean_menu_typo_line_height_tablet":0,"ocean_menu_typo_line_height_mobile":0,"ocean_menu_typo_line_height_unit":"","ocean_menu_typo_spacing":0,"ocean_menu_typo_spacing_tablet":0,"ocean_menu_typo_spacing_mobile":0,"ocean_menu_typo_spacing_unit":"","ocean_menu_link_color":"","ocean_menu_link_color_hover":"","ocean_menu_link_color_active":"","ocean_menu_link_background":"","ocean_menu_link_hover_background":"","ocean_menu_link_active_background":"","ocean_menu_social_links_bg":"","ocean_menu_social_hover_links_bg":"","ocean_menu_social_links_color":"","ocean_menu_social_hover_links_color":"","ocean_disable_title":"default","ocean_disable_heading":"default","ocean_post_title":"","ocean_post_subheading":"","ocean_post_title_style":"","ocean_post_title_background_color":"","ocean_post_title_background":0,"ocean_post_title_bg_image_position":"","ocean_post_title_bg_image_attachment":"","ocean_post_title_bg_image_repeat":"","ocean_post_title_bg_image_size":"","ocean_post_title_height":0,"ocean_post_title_bg_overlay":0.5,"ocean_post_title_bg_overlay_color":"","ocean_disable_breadcrumbs":"default","ocean_breadcrumbs_color":"","ocean_breadcrumbs_separator_color":"","ocean_breadcrumbs_links_color":"","ocean_breadcrumbs_links_hover_color":"","ocean_display_footer_widgets":"default","ocean_display_footer_bottom":"default","ocean_custom_footer_template":"","footnotes":""},"class_list":["post-1523","page","type-page","status-publish","hentry","entry"],"_links":{"self":[{"href":"https:\/\/www.filacp.org\/web\/wp-json\/wp\/v2\/pages\/1523","targetHints":{"allow":["GET"]}}],"collection":[{"href":"https:\/\/www.filacp.org\/web\/wp-json\/wp\/v2\/pages"}],"about":[{"href":"https:\/\/www.filacp.org\/web\/wp-json\/wp\/v2\/types\/page"}],"author":[{"embeddable":true,"href":"https:\/\/www.filacp.org\/web\/wp-json\/wp\/v2\/users\/1"}],"replies":[{"embeddable":true,"href":"https:\/\/www.filacp.org\/web\/wp-json\/wp\/v2\/comments?post=1523"}],"version-history":[{"count":3,"href":"https:\/\/www.filacp.org\/web\/wp-json\/wp\/v2\/pages\/1523\/revisions"}],"predecessor-version":[{"id":8432,"href":"https:\/\/www.filacp.org\/web\/wp-json\/wp\/v2\/pages\/1523\/revisions\/8432"}],"wp:attachment":[{"href":"https:\/\/www.filacp.org\/web\/wp-json\/wp\/v2\/media?parent=1523"}],"curies":[{"name":"wp","href":"https:\/\/api.w.org\/{rel}","templated":true}]}}